e greatest common factor of 42 and 938.
14
What is the highest common divisor of 868 and 1426?
62
What is the highest common factor of 98 and 882?
98
Calculate the greatest common divisor of 174 and 18.
6
What is the greatest common factor of 209 and 171?
19
What is the greatest common factor of 297 and 117?
9
Calculate the highest common factor of 2748 and 12.
12
Calculate the highest common factor of 102 and 6.
6
Calculate the greatest common divisor of 1125 and 1625.
125
Calculate the highest common factor of 31986 and 18.
18
Calculate the greatest common factor of 37 and 592.
37
Calculate the highest common factor of 6 and 38.
2
What is the highest common divisor of 1058 and 322?
46
What is the greatest common divisor of 30 and 290?
10
What is the greatest common divisor of 22575 and 42?
21
What is the greatest common divisor of 664 and 8?
8
What is the highest common factor of 90 and 2160?
90
Calculate the greatest common divisor of 2075 and 332.
83
What is the highest common divisor of 26529 and 111?
111
What is the greatest common factor of 473 and 129?
43
Calculate the highest common divisor of 6327 and 2331.
333
What is the greatest common divisor of 259 and 407?
37
What is the highest common factor of 2277 and 299?
23
Calculate the highest common factor of 608 and 32.
32
Calculate the greatest common factor of 81 and 6.
3
Calculate the highest common divisor of 9 and 1503.
9
Calculate the highest common factor of 864 and 52.
4
What is the greatest common divisor of 8 and 6?
2
Calculate the greatest common factor of 44 and 5258.
22
Calculate the highest common factor of 672 and 192.
96
What is the greatest common factor of 69236 and 38?
38
Calculate the highest common factor of 640 and 360.
40
What is the greatest common divisor of 7770 and 147?
21
What is the greatest common factor of 266 and 513?
19
What is the greatest common factor of 116 and 2146?
58
What is the greatest common divisor of 288 and 64?
32
Calculate the greatest common factor of 15 and 255.
15
Calculate the highest common factor of 24 and 16572.
12
What is the greatest common factor of 184 and 69?
23
What is the highest common divisor of 62 and 217?
31
Calculate the greatest common factor of 1 and 2.
1
What is the highest common divisor of 3599 and 61?
61
Calculate the highest common divisor of 246 and 5002.
82
Calculate the highest common factor of 9 and 477.
9
What is the greatest common factor of 3040 and 475?
95
Calculate the highest common factor of 110 and 165.
55
Calculate the highest common factor of 352 and 128.
32
What is the greatest common divisor of 231 and 9?
3
Calculate the highest common factor of 22 and 676.
2
Calculate the highest common factor of 77 and 63.
7
What is the greatest common divisor of 42 and 42?
42
Calculate the greatest common factor of 286 and 169.
13
What is the greatest common divisor of 851 and 74?
37
What is the greatest common divisor of 116 and 5249?
29
Calculate the highest common divisor of 1487 and 2.
1
What is the highest common divisor of 480 and 75?
15
What is the greatest common divisor of 23 and 46?
23
What is the greatest common factor of 182 and 175?
7
What is the greatest common factor of 83 and 1162?
83
What is the highest common divisor of 413 and 59?
59
Calculate the greatest common factor of 1404 and 260.
52
Calculate the highest common divisor of 44 and 8888.
44
What is the greatest common factor of 224 and 119?
7
What is the highest common divisor of 40 and 388?
4
Calculate the greatest common factor of 52 and 8.
4
Calculate the highest common divisor of 432 and 512.
16
Calculate the greatest common divisor of 15 and 6.
3
What is the greatest common factor of 2945 and 19?
19
Calculate the greatest common factor of 11 and 12287.
11
Calculate the greatest common divisor of 69 and 851.
23
Calculate the highest common factor of 11196 and 36.
36
Calculate the highest common divisor of 7456 and 48.
16
What is the highest common divisor of 3820 and 110?
10
Calculate the highest common factor of 56 and 266.
14
What is the greatest common factor of 2635 and 2480?
155
Calculate the highest common factor of 142 and 1562.
142
Calculate the greatest common factor of 448 and 1204.
28
What is the greatest common divisor of 111 and 148?
37
What is the highest common divisor of 12 and 78?
6
Calculate the greatest common divisor of 1848 and 2436.
84
Calculate the highest common factor of 99 and 2574.
99
Calculate the highest common factor of 56 and 16.
8
What is the highest common factor of 16 and 304?
16
What is the greatest common divisor of 40 and 10520?
40
What is the highest common factor of 429 and 39?
39
What is the highest common divisor of 15 and 305?
5
Calculate the greatest common divisor of 232 and 16.
8
What is the highest common factor of 12936 and 60?
12
What is the highest common divisor of 92 and 7774?
46
What is the highest common divisor of 783 and 540?
27
Calculate the highest common divisor of 9460 and 40.
20
Calculate the greatest common factor of 9 and 123.
3
Calculate the greatest common factor of 308 and 35728.
308
What is the greatest common divisor of 231 and 168?
21
Calculate the highest common divisor of 1808 and 4294.
226
Calculate the greatest common divisor of 171 and 72.
9
What is the greatest common factor of 36 and 20388?
12
Calculate the greatest common factor of 336 and 64.
16
Calculate the highest common factor of 675 and 1425.
75
What is the highest common divisor of 6 and 324?
6
Calculate the greatest common factor of 116 and 2262.
58
Calculate the greatest common factor of 42 and 4746.
42
Calculate the highest common divisor of 180 and 300.
60
Calculate the greatest common divisor of 6 and 4926.
6
Calculate the highest common divisor of 33 and 66.
33
Calculate the highest common divisor of 22 and 22.
22
What is the highest common divisor of 3 and 117?
3
What is the greatest common divisor of 8792 and 56?
56
Calculate the greatest common factor of 18 and 582.
6
Calculate the highest common divisor of 468 and 26.
26
Calculate the greatest common factor of 10994 and 46.
46
What is the highest common divisor of 187 and 85?
17
What is the greatest common factor of 657 and 9?
9
Calculate the highest common factor of 561 and 1479.
51
What is the greatest common divisor of 330 and 154?
22
Calculate the greatest common divisor of 798 and 546.
42
What is the highest common factor of 9240 and 77?
77
Calculate the highest common divisor of 1170 and 6318.
234
Calculate the greatest common divisor of 6 and 14394.
6
What is the highest common divisor of 315 and 22260?
105
Calculate the greatest common factor of 2196 and 1188.
36
Calculate the greatest common factor of 84 and 3396.
12
What is the greatest common divisor of 966 and 294?
42
What is the greatest common divisor of 15 and 1320?
15
Calculate the greatest common divisor of 2825 and 452.
113
What is the greatest common factor of 279 and 144?
9
Calculate the greatest common factor of 84 and 399.
21
What is the greatest common factor of 3815 and 35?
35
What is the greatest common divisor of 56 and 2548?
28
What is the highest common divisor of 1632 and 578?
34
What is the greatest common divisor of 1 and 4?
1
Calculate the greatest common divisor of 915 and 15.
15
Calculate the greatest common factor of 310 and 10.
10
What is the highest common divisor of 612 and 2550?
102
What is the greatest common divisor of 1 and 419?
1
What is the highest common factor of 261 and 2262?
87
What is the greatest common divisor of 13 and 7306?
13
What is the highest common factor of 32 and 432?
16
Calculate the highest common factor of 874 and 46.
46
What is the greatest common factor of 3429 and 135?
27
What is the highest common divisor of 523 and 2?
1
What is the greatest common divisor of 623 and 14?
7
Calculate the greatest common factor of 15 and 670.
5
What is the greatest common factor of 20 and 345?
5
What is the greatest common factor of 24 and 108?
12
Calculate the highest common divisor of 1408 and 22.
22
Calculate the highest common factor of 959 and 21.
7
Calculate the greatest common factor of 16 and 13256.
8
Calculate the highest common divisor of 6050 and 30.
10
Calculate the highest common divisor of 94 and 141.
47
Calculate the highest co